 32?
16
Let c be (-1)/(7/(-1145)) + -24*4/(-224). Suppose -3*o + 312 + 426 = 0. What is the greatest common divisor of c and o?
82
Suppose -2*f + 56 = -f - o, 5*o + 10 = 0. Suppose 102*v = 2*h + 100*v - 562, -3*h - 3*v + 777 = 0. Calculate the highest common factor of h and f.
54
Let t(h) = -h**2 + 29*h - 88. Let s be t(26). Let p be (-57)/(42/(-35)*s/(-4)). What is the greatest common factor of p and 323?
19
Suppose -4*q + 2*k + 3076 = 0, 18*q - k = 10*q + 6170. Calculate the highest common factor of q and 16.
4
Let b(t) = t**3 + 35*t**2 + 263*t - 19. Let p be b(-24). What is the greatest common factor of p and 755?
5
Suppose 5*h = -5*v, -2*v + 2*h - 4 = -6*v. Suppose -41 = -v*g - 22*s + 17*s, 0 = 4*g + 4*s - 100. Calculate the highest common divisor of 322 and g.
14
Let o(y) = 347*y - 971. Let h be o(3). What is the highest common factor of h and 5670?
70
Suppose -360 = -2*x + 5*f, 2*x - 28 = -5*f + 312. Suppose 10*v - 90 = 7*v. Let u = 65 - v. Calculate the greatest common divisor of x and u.
35
Let d(l) = l**3 - 10*l**2 - l + 1. Let g be d(11). Let c = g + -150. Let u = c + 99. What is the greatest common divisor of u and 30?
30
Let d(n) = -2*n**2 - 12*n - 7. Let h be d(-5). Suppose -h*o + 15*o - 420 = 0. What is the greatest common divisor of o and 20?
5
Suppose 6*w - 3*s - 9207 = 0, s - 3202 + 135 = -2*w. What is the highest common factor of w and 234?
26
Let a = -7529 + 7651. Calculate the greatest common factor of a and 2989.
61
Suppose 69*r = -38*r - 6*r + 678. What is the highest common divisor of r and 618?
6
Let v = 441 - 416. Let d(w) = w**2 - 21*w + 16. Let i be d(v). What is the highest common factor of 174 and i?
58
Suppose -6*q + 37 + 29 = 0. Let g be (-2)/(-4)*(q + -11). Suppose g = -4*r, 3*r + 168 = 4*y - 2*r. What is the greatest common divisor of y and 14?
14
Let w be -1*(-12)/(84/413). What is the highest common divisor of 6431 and w?
59
Let o = -10247 - -16470. What is the greatest common factor of 127 and o?
127
Let s be ((-6)/(-9))/((-7)/(-756)*-3). Let b be (1 - s/(-18))/(4/(-348)). What is the greatest common factor of 29 and b?
29
Let z(d) = 751*d**2 + 278*d + 279. Let h be z(-1). Calculate the highest common divisor of 1551 and h.
47
Let m be 7 - 6 - (0 - -1). Suppose -5*f - 25 = n, -4*n + m*n = -f - 5. Let k be 10*11 - (2 - (n - -2)). What is the highest common factor of k and 10?
10
Let r(q) = -4*q + 34. Let n(f) = f**2 + 7*f + 7. Let h be n(-11). Let x = 59 - h. Let i be r(x). Calculate the greatest common factor of i and 2.
2
Suppose -d = -w, 4*w + 3*d + 8 = -w. Let b be (-1 - 0)*(-1)/w + -23. Let f be b/(-20)*(-10)/3 + 104. Calculate the greatest common divisor of 40 and f.
20
Suppose 285*c - 31389 = -5*s + 284*c, -4*c + 12534 = 2*s. What is the highest common factor of s and 182?
91
Let q be 3/11 - 1296/(-8316) - 118934/(-7). What is the greatest common factor of q and 26?
13
Suppose 86 = 5*j - 723*q + 719*q, q + 71 = 4*j. Calculate the highest common divisor of 10 and j.
2
Let j = -56 - -167. Suppose 4*m + 43 = j. Let i be (-4)/((-64)/408)*2. What is the highest common divisor of m and i?
17
Suppose 2*m - 160 = -0*m. Suppose -866*x = -871*x + 40. Suppose -m = -4*t - x. What is the highest common factor of 18 and t?
18
Suppose -21*l - 5264 = -5*l. Let z = 367 + l. Calculate the greatest common factor of 8 and z.
2
Suppose -98*m - 6855 + 36022 = 1727. What is the greatest common divisor of 490 and m?
70
Let j be (0 + 1)*(7 - 2). Suppose 25 = 3*s - 92. Suppose s*a = 38*a + 55. What is the greatest common divisor of j and a?
5
Let s be ((-8)/(-10))/(((-18)/(-55))/18). Suppose -47*i + 42 = -s*i. What is the highest common factor of i and 154?
14
Let h(x) = x**2 + 44*x - 94. Let q be h(-47). Suppose -4*g = 3*d - 186, 0 = -3*d - 2*g + q + 145. Calculate the highest common factor of d and 88.
22
Let r = 75 - 53. Let k = 183 - 181. Suppose -k*s - 2*b + 86 = 0, 4*s + s - 224 = 4*b. What is the highest common divisor of s and r?
22
Suppose 17*u + 32 = 25*u. Let f = -6 - -8. Suppose -4*a - 4*r + 24 = 0, -r + f = -0*r. Calculate the greatest common divisor of a and u.
4
Let v(u) = -u**2 + 168*u - 2417. Let i be v(16). Suppose 0*l + 4*l - 20 = 0. Suppose l*t - 600 = -0*t. What is the greatest common factor of i and t?
15
Suppose 74*o + 8*o = 2*o + 21440. What is the highest common factor of 4 and o?
4
Let l(g) = 1298*g**3 + 7*g - 4*g**2 + 1 + 1309*g**3 + 2 - 2611*g**3. Let f be l(-3). What is the highest common divisor of f and 270?
54
Let k be (12/(-15))/((-6)/(-75)). Let z be -5*84/18*3/k. Let w be 0/(0 + -1) - -56. What is the greatest common divisor of w and z?
7
Let i(z) = -205*z + 8611. Let m be i(42). Let v be (-4)/6 + 52/6. Suppose v = 7*j - 3*j. Calculate the greatest common factor of m and j.
1
Let l = -1133 - -1148. Let s be -4 - (0 - 24*1). What is the highest common divisor of l and s?
5
Let i(y) be the third derivative of 5*y**4/3 + 47*y**3/2 - 150*y**2. Let l be i(12). What is the greatest common divisor of 69 and l?
69
Let f = -118 + 120. Suppose 0 = 3*d + 6*u - f*u - 124, 2*u - 44 = -d. Calculate the greatest common divisor of d and 18.
18
Let f be 462*(-1 - (-4)/1). Suppose -64*c = -75*c + f. Calculate the highest common divisor of c and 168.
42
Let r = -38 - -40. Let g be 5/(((-5)/r)/(-5)). Calculate the highest common factor of 2 and g.
2
Suppose -55*i + 27*i = 56. Suppose 81 = 4*g + 3*n, -3*g - g - 4*n + 84 = 0. Let x be 6/g*(-114)/i. Calculate the highest common factor of 38 and x.
19
Suppose 13*b - 6*b = 0. Suppose -3*u - 3*u + 336 = b. Let c be ((-1)/((-5)/7))/((-11)/(-55)). Calculate the highest common divisor of c and u.
7
Let q = 808 - 804. Let f be (-33)/(-2) - q/8. What is the highest common factor of f and 56?
8
Suppose -17704 = -4*j + 3*n, j - 4417 = 134*n - 131*n. Calculate the greatest common factor of 103 and j.
103
Let f = 35 - -27. Let d = f - -8. Suppose -802*g + 17221 + 2723 = -2512. Calculate the greatest common divisor of g and d.
14
Suppose -2*l - 5*l = l. Suppose l = -6*n - 5 + 29. Let j be (5 - 57)*(-3)/n. What is the highest common divisor of 13 and j?
13
Suppose 27 - 19 = -z, 184 = s - z. Calculate the greatest common factor of 25784 and s.
88
Suppose 0 = 2*g - u - 1485 - 5085, 5*g - u = 16425. What is the greatest common factor of 15 and g?
15
Suppose -3*c + 3*f + 1551 = 0, 80*f + 2071 = 4*c + 79*f. Calculate the highest common divisor of c and 378.
14
Let n be 215/(-13 + 18) - 6/2. Suppose -284 = -h - 4*i, 0 = -3*h - n*i + 42*i + 908. Calculate the highest common divisor of h and 225.
75
Let l(q) = -q**3 - 6*q**2 + q + 11. Let x be l(-6). Let s be 75 + (14*9/30 - (-12)/15). Calculate the highest common factor of x and s.
5
Let k be -37 + 33 + 181/((-412)/138 - -3). Calculate the greatest common factor of k and 55.
55
Let x(c) = -c**3 + c**2 - 19*c - 147. Let m be x(-8). Calculate the greatest common factor of 35 and m.
7
Suppose u - 56 = -v, 13*v - 106 = -2*u + 17*v. Let y be 104/(-18) + 4/(-18). Let q be (-32)/y - 2/6. What is the highest common factor of u and q?
5
Suppose 1426*f - 1413*f - 15470 = 0. Calculate the greatest common factor of 340 and f.
170
Let v be -14*(72/(-21))/(-4)*(-30)/3. Suppose a = 4*o + 3*a, a = 5*o. Suppose -3*t = 5*y - 70, -4 = -o*y + y. Calculate the highest common divisor of t and v.
30
Let a be ((-34)/(-2))/(4 - -3 - 6). Suppose a*d - 66 = 410. What is the greatest common divisor of 56 and d?
28
Suppose -5*h = -33*h + 15*h + 26520. Calculate the highest common divisor of 360 and h.
120
Let w = -138 - -138. Suppose -2*a - 3*a + 25 = w. Let p(x) = -x**2 + 7*x + 9. Let i be p(8). Calculate the greatest common divisor of i and a.
1
Let o be (-4)/(((-16)/(-124))/(-2)). Suppose 2*v + 2 = 0, -4*v + o + 10 = -2*h. Let k = -26 - h. What is the greatest common divisor of 12 and k?
12
Let t be (12/(-10))/(22/(-55)). Let a be (-6*(-2)/t)/(3/15). Calculate the highest common factor of 110 and a.
10
Let w(c) = 59*c**2 - 858*c + 13784. Let o be w(16). What is the greatest common divisor of 40 and o?
40
Let u(z) = -z**3 + 5*z**2 + 11*z - 27. Let i be u(6). Suppose -i = -o, -o = -4*g + 360 - 83. What is the highest common factor of 10 and g?
10
Suppose -120*k = -116*k - 1520. Let w = 422 - k. Calculate the greatest common factor of 21 and w.
21
Let k be (-3